{"id":1326,"date":"2022-02-24T05:04:17","date_gmt":"2022-02-24T05:04:17","guid":{"rendered":"https:\/\/arquerosvirreyes.com\/index.php\/services\/"},"modified":"2026-03-23T16:34:01","modified_gmt":"2026-03-23T22:34:01","slug":"services","status":"publish","type":"page","link":"https:\/\/arquerosvirreyes.com\/index.php\/services\/","title":{"rendered":"Servicios"},"content":{"rendered":"\n<div class=\"wp-block-uagb-container uagb-block-e0d976ef alignfull uagb-is-root-container\"><div class=\"uagb-container-inner-blocks-wrap\">\n<div class=\"wp-block-uagb-advanced-heading uagb-block-cdf4969b\"><h1 class=\"uagb-heading-text\">SERVICIOS<br><\/h1><\/div>\n<\/div><\/div>\n\n\n\n<div class=\"wp-block-uagb-container uagb-block-0873be24 alignfull uagb-is-root-container\"><div class=\"uagb-container-inner-blocks-wrap\">\n<div class=\"wp-block-uagb-container uagb-block-8a39c595\">\n<figure class=\"wp-block-image size-large\"><img decoding=\"async\" src=\"https:\/\/arquerosvirreyes.com\/wp-content\/uploads\/2022\/11\/IMG-20221115-WA0016-768x1024.jpg\" alt=\"\"\/><\/figure>\n<\/div>\n\n\n\n<div class=\"wp-block-uagb-container uagb-block-5a297023\">\n<div class=\"wp-block-uagb-info-box uagb-block-d6ac6b02 uagb-infobox__content-wrap  uagb-infobox-icon-above-title uagb-infobox-image-valign-top\"><div class=\"uagb-ifb-content\"><div class=\"uagb-ifb-icon-wrap\"><svg xmlns=\"https:\/\/www.w3.org\/2000\/svg\" viewBox=\"0 0 512 512\"><path d=\"M0 256C0 114.6 114.6 0 256 0C397.4 0 512 114.6 512 256C512 397.4 397.4 512 256 512C114.6 512 0 397.4 0 256zM371.8 211.8C382.7 200.9 382.7 183.1 371.8 172.2C360.9 161.3 343.1 161.3 332.2 172.2L224 280.4L179.8 236.2C168.9 225.3 151.1 225.3 140.2 236.2C129.3 247.1 129.3 264.9 140.2 275.8L204.2 339.8C215.1 350.7 232.9 350.7 243.8 339.8L371.8 211.8z\"><\/path><\/svg><\/div><div class=\"uagb-ifb-title-wrap\"><h3 class=\"uagb-ifb-title\">Clases de arquer\u00eda<\/h3><\/div><p class=\"uagb-ifb-desc\">El campo cuenta con el apoyo de instructores calificados que pueden ense\u00f1ar a cualquier nivel y modalidad.<br>Ya sea con equipo propio o facilitado por ellos. <br>El costo de las clases e informaci\u00f3n es directamente con ellos.<br><strong>Instructores:<\/strong><br>Michelle Cisneros  55-2499-6951<br>Armando Arreaga  55-5459-3348<br>Javier Morales        55-3576-4698<br>Ruben Pichardo     55-2754-2323<br>Carlos Tejeda         55-5902-7168<br><\/p><\/div><\/div>\n<\/div>\n<\/div><\/div>\n\n\n\n<div class=\"wp-block-uagb-container uagb-block-61d66ffe alignfull uagb-is-root-container\"><div class=\"uagb-container-inner-blocks-wrap\">\n<div class=\"wp-block-uagb-container uagb-block-8412c089\">\n<figure class=\"wp-block-image size-large\"><img decoding=\"async\" src=\"https:\/\/arquerosvirreyes.com\/wp-content\/uploads\/2022\/11\/Screenshot_20220823-184413_Gallery-513x1024.jpg\" alt=\"\"\/><\/figure>\n<\/div>\n\n\n\n<div class=\"wp-block-uagb-container uagb-block-16d12b48\">\n<div class=\"wp-block-uagb-info-box uagb-block-4ad90a3c uagb-infobox__content-wrap  uagb-infobox-icon-above-title uagb-infobox-image-valign-top\"><div class=\"uagb-ifb-content\"><div class=\"uagb-ifb-title-wrap\"><h4 class=\"uagb-ifb-title\">Arqueros y Socios<\/h4><\/div><p class=\"uagb-ifb-desc\">Puedes visitar y hacer uso de las instalaciones como visitante o bien apoyar al Campo inscribi\u00e9ndote <br>Horario: <br>Para arqueros externos sera de 10:00 a.m a 5:30 p.m<br>Para socios de 7:00 a.m a 5:30 p.m.<br><\/p><\/div><\/div>\n<\/div>\n<\/div><\/div>\n\n\n\n<div class=\"wp-block-uagb-container uagb-block-9cf6ccc1 alignfull uagb-is-root-container\"><div class=\"uagb-container-inner-blocks-wrap\">\n<div class=\"wp-block-uagb-container uagb-block-6ac8ddd0\">\n<figure class=\"wp-block-image size-large\"><img decoding=\"async\" src=\"http:\/\/arquerosvirreyes.com\/wp-content\/uploads\/2022\/11\/PosterNocturno2023-668x1024.jpg\" alt=\"\"\/><\/figure>\n<\/div>\n\n\n\n<div class=\"wp-block-uagb-container uagb-block-82c54c3b\">\n<div class=\"wp-block-uagb-info-box uagb-block-97073d19 uagb-infobox__content-wrap  uagb-infobox-icon-above-title uagb-infobox-image-valign-top\"><div class=\"uagb-ifb-content\"><div class=\"uagb-ifb-title-wrap\"><h4 class=\"uagb-ifb-title\">Pr\u00e1cticas de campo y Torneos<\/h4><\/div><p class=\"uagb-ifb-desc\">Por lo regular cada 2 meses se organizaran tiradas de pr\u00e1ctica o Torneos, principalmente 3D.<br><br>Por este medio y en redes sociales se pondr\u00e1 la invitaci\u00f3n y se publicaran los resultados.  Participa y apoya al campo<\/p><\/div><\/div>\n<\/div>\n<\/div><\/div>\n\n\n\n<div class=\"wp-block-uagb-container uagb-block-7548ae3e alignfull uagb-is-root-container\"><div class=\"uagb-container-inner-blocks-wrap\">\n<div class=\"wp-block-uagb-container uagb-block-33b8567d\">\n<div class=\"wp-block-uagb-info-box uagb-block-65671ff0 uagb-infobox__content-wrap  uagb-infobox-icon-above-title uagb-infobox-image-valign-top\"><div class=\"uagb-ifb-content\"><div class=\"uagb-ifb-title-wrap\"><h4 class=\"uagb-ifb-title\">Nosotros cuidamos nuestro campo.<\/h4><\/div><p class=\"uagb-ifb-desc\">Todos los socios o visitantes debemos cuidar nuestro campo y la seguridad en todo momento. <br>Los reglamentos se deber\u00e1n respetar siempre por cualquier persona que ingrese y  deber\u00e1 estar consciente del que esta actividad puede implicar riesgos si no se siguen las instrucciones y reglas.<br><\/p><\/div><\/div>\n<\/div>\n<\/div><\/div>\n","protected":false},"excerpt":{"rendered":"<p>SERVICIOS<\/p>\n","protected":false},"author":1,"featured_media":0,"parent":0,"menu_order":0,"comment_status":"closed","ping_status":"closed","template":"","meta":{"_uag_custom_page_level_css":"","site-sidebar-layout":"no-sidebar","site-content-layout":"page-builder","ast-site-content-layout":"full-width-container","site-content-style":"unboxed","site-sidebar-style":"unboxed","ast-global-header-display":"","ast-banner-title-visibility":"","ast-main-header-display":"","ast-hfb-above-header-display":"","ast-hfb-below-header-display":"","ast-hfb-mobile-header-display":"","site-post-title":"disabled","ast-breadcrumbs-content":"","ast-featured-img":"","footer-sml-layout":"","theme-transparent-header-meta":"enabled","adv-header-id-meta":"","stick-header-meta":"","header-above-stick-meta":"","header-main-stick-meta":"","header-below-stick-meta":"","astra-migrate-meta-layouts":"set","ast-page-background-enabled":"default","ast-page-background-meta":{"desktop":{"background-color":"var(--ast-global-color-4)","background-image":"","background-repeat":"repeat","background-position":"center center","background-size":"auto","background-attachment":"scroll","background-type":"","background-media":"","overlay-type":"","overlay-color":"","overlay-gradient":""},"tablet":{"background-color":"","background-image":"","background-repeat":"repeat","background-position":"center center","background-size":"auto","background-attachment":"scroll","background-type":"","background-media":"","overlay-type":"","overlay-color":"","overlay-gradient":""},"mobile":{"background-color":"","background-image":"","background-repeat":"repeat","background-position":"center center","background-size":"auto","background-attachment":"scroll","background-type":"","background-media":"","overlay-type":"","overlay-color":"","overlay-gradient":""}},"ast-content-background-meta":{"desktop":{"background-color":"var(--ast-global-color-5)","background-image":"","background-repeat":"repeat","background-position":"center center","background-size":"auto","background-attachment":"scroll","background-type":"","background-media":"","overlay-type":"","overlay-color":"","overlay-gradient":""},"tablet":{"background-color":"var(--ast-global-color-5)","background-image":"","background-repeat":"repeat","background-position":"center center","background-size":"auto","background-attachment":"scroll","background-type":"","background-media":"","overlay-type":"","overlay-color":"","overlay-gradient":""},"mobile":{"background-color":"var(--ast-global-color-5)","background-image":"","background-repeat":"repeat","background-position":"center center","background-size":"auto","background-attachment":"scroll","background-type":"","background-media":"","overlay-type":"","overlay-color":"","overlay-gradient":""}},"footnotes":""},"class_list":["post-1326","page","type-page","status-publish","hentry"],"uagb_featured_image_src":{"full":false,"thumbnail":false,"medium":false,"medium_large":false,"large":false,"1536x1536":false,"2048x2048":false},"uagb_author_info":{"display_name":"sgumi.pred","author_link":"https:\/\/arquerosvirreyes.com\/index.php\/author\/sgumi-pred\/"},"uagb_comment_info":0,"uagb_excerpt":"SERVICIOS","_links":{"self":[{"href":"https:\/\/arquerosvirreyes.com\/index.php\/wp-json\/wp\/v2\/pages\/1326","targetHints":{"allow":["GET"]}}],"collection":[{"href":"https:\/\/arquerosvirreyes.com\/index.php\/wp-json\/wp\/v2\/pages"}],"about":[{"href":"https:\/\/arquerosvirreyes.com\/index.php\/wp-json\/wp\/v2\/types\/page"}],"author":[{"embeddable":true,"href":"https:\/\/arquerosvirreyes.com\/index.php\/wp-json\/wp\/v2\/users\/1"}],"replies":[{"embeddable":true,"href":"https:\/\/arquerosvirreyes.com\/index.php\/wp-json\/wp\/v2\/comments?post=1326"}],"version-history":[{"count":25,"href":"https:\/\/arquerosvirreyes.com\/index.php\/wp-json\/wp\/v2\/pages\/1326\/revisions"}],"predecessor-version":[{"id":2018,"href":"https:\/\/arquerosvirreyes.com\/index.php\/wp-json\/wp\/v2\/pages\/1326\/revisions\/2018"}],"wp:attachment":[{"href":"https:\/\/arquerosvirreyes.com\/index.php\/wp-json\/wp\/v2\/media?parent=1326"}],"curies":[{"name":"wp","href":"https:\/\/api.w.org\/{rel}","templated":true}]}}